{"version":"1.0","provider_name":"Architekturforum Z\u00fcrcher Oberland","provider_url":"https:\/\/afzo.ch\/wp","author_name":"admin","author_url":"https:\/\/afzo.ch\/wp\/author\/werkteam_wt99\/","title":"20 Jahre AFZO | 26. August 2017 - Architekturforum Z\u00fcrcher Oberland","type":"rich","width":600,"height":338,"html":"<blockquote class=\"wp-embedded-content\" data-secret=\"F9uIWitDVO\"><a href=\"https:\/\/afzo.ch\/wp\/20-jahre-afzo-26-august-2017\/\">20 Jahre AFZO | 26. August 2017<\/a><\/blockquote><iframe sandbox=\"allow-scripts\" security=\"restricted\" src=\"https:\/\/afzo.ch\/wp\/20-jahre-afzo-26-august-2017\/embed\/#?secret=F9uIWitDVO\" width=\"600\" height=\"338\" title=\"&#8222;20 Jahre AFZO | 26. August 2017&#8220; &#8211; Architekturforum Z\u00fcrcher Oberland\" data-secret=\"F9uIWitDVO\" frameborder=\"0\" marginwidth=\"0\" marginheight=\"0\" scrolling=\"no\" class=\"wp-embedded-content\"><\/iframe><script>\n\/*! This file is auto-generated *\/\n!function(d,l){\"use strict\";l.querySelector&&d.addEventListener&&\"undefined\"!=typeof URL&&(d.wp=d.wp||{},d.wp.receiveEmbedMessage||(d.wp.receiveEmbedMessage=function(e){var t=e.data;if((t||t.secret||t.message||t.value)&&!\/[^a-zA-Z0-9]\/.test(t.secret)){for(var s,r,n,a=l.querySelectorAll('iframe[data-secret=\"'+t.secret+'\"]'),o=l.querySelectorAll('blockquote[data-secret=\"'+t.secret+'\"]'),c=new RegExp(\"^https?:$\",\"i\"),i=0;i<o.length;i++)o[i].style.display=\"none\";for(i=0;i<a.length;i++)s=a[i],e.source===s.contentWindow&&(s.removeAttribute(\"style\"),\"height\"===t.message?(1e3<(r=parseInt(t.value,10))?r=1e3:~~r<200&&(r=200),s.height=r):\"link\"===t.message&&(r=new URL(s.getAttribute(\"src\")),n=new URL(t.value),c.test(n.protocol))&&n.host===r.host&&l.activeElement===s&&(d.top.location.href=t.value))}},d.addEventListener(\"message\",d.wp.receiveEmbedMessage,!1),l.addEventListener(\"DOMContentLoaded\",function(){for(var e,t,s=l.querySelectorAll(\"iframe.wp-embedded-content\"),r=0;r<s.length;r++)(t=(e=s[r]).getAttribute(\"data-secret\"))||(t=Math.random().toString(36).substring(2,12),e.src+=\"#?secret=\"+t,e.setAttribute(\"data-secret\",t)),e.contentWindow.postMessage({message:\"ready\",secret:t},\"*\")},!1)))}(window,document);\n\/\/# sourceURL=https:\/\/afzo.ch\/wp\/wp-includes\/js\/wp-embed.min.js\n<\/script>\n","thumbnail_url":"http:\/\/afzo.ch\/wp\/wp-content\/uploads\/2025\/08\/20170826.jpg","thumbnail_width":600,"thumbnail_height":300,"description":"&nbsp;&nbsp;&nbsp;&nbsp;&nbsp;&nbsp; 20 Jahre AFZO Vor 20 Jahren entz\u00fcndete ein Feuer das Architekturforum Z\u00fcrcher Oberland und setzte dieses zugleich in Bewegung.Das stetig brennende Feuer erlaubte dem Forum zahlreiche Anl\u00e4sse, Ausfl\u00fcge, Reisen und die Vergabe von 69 Baupreisen.Wir feiern diese Energie, blicken auf starke Jahre zur\u00fcck und stossen auf weitere spannende Ereignisse und Diskussionen an. Treffpunkt Bereuter &hellip; Mehr \u00fcber \"\" Lesen"}

Architekturforum Zürcher Oberland

20 Jahre AFZO | 26. August 2017 - Architekturforum Zürcher Oberland

<blockquote class="wp-embedded-content" data-secret="F9uIWitDVO"><a href="https://afzo.ch/wp/20-jahre-afzo-26-august-2017/">20 Jahre AFZO | 26. August 2017</a></blockquote><iframe sandbox="allow-scripts" security="restricted" src="https://afzo.ch/wp/20-jahre-afzo-26-august-2017/embed/#?secret=F9uIWitDVO" width="600" height="338" title="&#8222;20 Jahre AFZO | 26. August 2017&#8220; &#8211; Architekturforum Zürcher Oberland" data-secret="F9uIWitDVO" frameborder="0" marginwidth="0" marginheight="0" scrolling="no" class="wp-embedded-content"></iframe><script>
/*! This file is auto-generated */
!function(d,l){"use strict";l.querySelector&&d.addEventListener&&"undefined"!=typeof URL&&(d.wp=d.wp||{},d.wp.receiveEmbedMessage||(d.wp.receiveEmbedMessage=function(e){var t=e.data;if((t||t.secret||t.message||t.value)&&!/[^a-zA-Z0-9]/.test(t.secret)){for(var s,r,n,a=l.querySelectorAll('iframe[data-secret="'+t.secret+'"]'),o=l.querySelectorAll('blockquote[data-secret="'+t.secret+'"]'),c=new RegExp("^https?:$","i"),i=0;i<o.length;i++)o[i].style.display="none";for(i=0;i<a.length;i++)s=a[i],e.source===s.contentWindow&&(s.removeAttribute("style"),"height"===t.message?(1e3<(r=parseInt(t.value,10))?r=1e3:~~r<200&&(r=200),s.height=r):"link"===t.message&&(r=new URL(s.getAttribute("src")),n=new URL(t.value),c.test(n.protocol))&&n.host===r.host&&l.activeElement===s&&(d.top.location.href=t.value))}},d.addEventListener("message",d.wp.receiveEmbedMessage,!1),l.addEventListener("DOMContentLoaded",function(){for(var e,t,s=l.querySelectorAll("iframe.wp-embedded-content"),r=0;r<s.length;r++)(t=(e=s[r]).getAttribute("data-secret"))||(t=Math.random().toString(36).substring(2,12),e.src+="#?secret="+t,e.setAttribute("data-secret",t)),e.contentWindow.postMessage({message:"ready",secret:t},"*")},!1)))}(window,document);
//# sourceURL=https://afzo.ch/wp/wp-includes/js/wp-embed.min.js
</script>

&nbsp;&nbsp;&nbsp;&nbsp;&nbsp;&nbsp; 20 Jahre AFZO Vor 20 Jahren entzündete ein Feuer das Architekturforum Zürcher Oberland und setzte dieses zugleich in Bewegung.Das stetig brennende Feuer erlaubte dem Forum zahlreiche Anlässe, Ausflüge, Reisen und die Vergabe von 69 Baupreisen.Wir feiern diese Energie, blicken auf starke Jahre zurück und stossen auf weitere spannende Ereignisse und Diskussionen an. Treffpunkt Bereuter &hellip; Mehr über "" Lesen
